the remainder when o(-5) is divided by 50.
49
Let x = -17 + 52. Let m = x - 32. What is the remainder when (88/3 + -3)*m is divided by 20?
19
Let p(u) = -u**3 + u**2 - 2*u + 17. Let z(l) = l - 27. Let q be z(27). Calculate the remainder when p(q) is divided by 7.
3
What is the remainder when 30 is divided by 3 - ((5 - 59)/6 - 0)?
6
Let u = 38 + -31. Let c(d) = d**2 - 7*d - 1. Let a be c(u). What is the remainder when 52 is divided by 3/6*16 - a?
7
Let b = 5 + 41. What is the remainder when b is divided by 6?
4
Let s be 1/(-3) - (-596)/6. Let k(h) = -h**2 + 12*h - 1. Let r be k(8). Suppose s + r = q. Calculate the remainder when q is divided by 33.
31
Calculate the remainder when 27 is divided by (-4)/7 + (-88)/(-7).
3
Suppose 13*o = 10*o + 15. What is the remainder when 6/(o/10 + 1) is divided by 4 - (0 + (-3)/(-3))?
1
Let k(m) = -m**2 + 45*m - 440. What is the remainder when 827 is divided by k(27)?
45
What is the remainder when 235 is divided by (1*(0 - 1))/((-293)/68562)?
1
Suppose 2039*g - 2046*g + 2933 = 0. What is the remainder when g is divided by 10?
9
Let q(o) = o**3 + 9*o**2 - 11*o + 19. What is the remainder when q(-9) is divided by 26?
14
Suppose 3*s - s - w = 7, -2*s + 8 = -2*w. Suppose -s*k - k = -4*z + 152, 5*k - 143 = -4*z. What is the remainder when z is divided by 10?
7
Let b be (-2)/(-14) + 888/7. Suppose 4*m - 4*c - b = -m, -3*m = 3*c - 87. What is the remainder when m is divided by 14?
13
Let q(z) = -z**3 - 5*z**2 - 5*z. What is the remainder when q(-5) is divided by ((28/10)/(-1))/(14/(-35))?
4
Let n(s) = s**3 + 4*s**2 - 4*s + 6. Calculate the remainder when 263 is divided by n(-4).
21
Let j(q) be the third derivative of -1/8*q**4 + 0*q + 0 + 3*q**2 + 0*q**3. Calculate the remainder when 23 is divided by j(-4).
11
Suppose -3*g = s - 172, -10*g = -5*g - 5*s - 280. Calculate the remainder when 170 is divided by g.
56
Suppose -p + 260 = 4*y, -17*y + 188 = -14*y - p. Calculate the remainder when y is divided by 22.
20
What is the remainder when 210 is divided by -3 + 86/2 + -1?
15
Let f(h) = 2*h**3 - 5*h + 68. What is the remainder when f(0) is divided by (15*1 - -2) + 1?
14
What is the remainder when 240 is divided by (-720)/(-33) + 7*6/231?
20
What is the remainder when 7/21*24 - -1069 is divided by 45?
42
Let r = 283 + -216. Calculate the remainder when r is divided by 8.
3
Let n = -165 - -122. Let s = n - -59. What is the remainder when 16 is divided by s?
0
Let m(n) = 2*n**3 - 14*n**2 - 12*n + 39. Calculate the remainder when m(9) is divided by 52.
47
Let b = 3 - -295. Let z = b - 200. What is the remainder when z is divided by 25?
23
Suppose -6*a + 6 = -5*a. Suppose 68 = a*s - 2*s. What is the remainder when s is divided by 9?
8
Suppose 9*q - 12*q = -216. Let p = q + -54. What is the remainder when p is divided by 10?
8
Let z be (5 - -7)*(-68)/(-6). Suppose 9*l - l = z. What is the remainder when 84 is divided by l?
16
Let c(q) = 3*q**3 + 13*q**2 + 6*q + 8. What is the remainder when 118 is divided by c(-3)?
14
Let h(c) = c**3 + 17*c**2 + 47*c + 26. What is the remainder when h(-13) is divided by 59?
32
Let h(b) = -7 + 2 + 5*b - 2 - 3*b. Let u be h(-4). Let d = 34 + u. What is the remainder when d is divided by 10?
9
Let b = -936 + 959. What is the remainder when 1815 is divided by b?
21
Suppose o = -0*p - 2*p + 58, o - p - 49 = 0. Calculate the remainder when o is divided by 14.
10
What is the remainder when (-161525)/(-225) + 1/9 is divided by 38?
34
Let f be (-1 + 2)/(2/4). Suppose 8 = f*n - 24. What is the remainder when (-172)/n*-1*4 is divided by 15?
13
Let x = -7157 + 7215. What is the remainder when x is divided by 21 - 0 - 1/1?
18
Suppose -2*r - 5*j + 47 = 0, 2*r - 1 = -j + 26. Calculate the remainder when 32 is divided by r.
10
Let s = 4 - 1. Suppose -s*w - u + 59 = 414, 2*u = 5*w + 588. Let i = -84 - w. Calculate the remainder when i is divided by 12.
10
Let k = -10 - -40. Suppose 0 = 5*q + 170 - 930. What is the remainder when k is divided by 12/15 + q/10?
14
Let l = 35 + -20. Calculate the remainder when (-1088)/(-42) + (-10)/(-105) is divided by l.
11
Suppose -215 + 59 = 4*t. Let j = 14 + 17. Calculate the remainder when (13/t)/(1/(-366)) is divided by j.
29
Suppose -v + 3*v = -3*w + 89, 3*w - 209 = -5*v. Suppose -6*f + 94 = v. What is the remainder when (9 + 0)*21/f is divided by 8?
5
Let u(b) = b**3 + 15*b**2 - 2*b - 22. Suppose 2*n + 2*n - 56 = 3*a, -2*a + 8 = 0. Calculate the remainder when n is divided by u(-15).
1
Let t = -103 + 110. Calculate the remainder when 67 is divided by t.
4
Suppose 50*c = -77*c + 52832. Calculate the remainder when c is divided by 7.
3
Let s = 261 + -210. What is the remainder when s is divided by 14?
9
Let i = 48 + -15. Calculate the remainder when i is divided by (4 - -3) + 6 + -1.
9
Suppose -3*t + 1 = -5. Let j be (-35)/t*42/(-35). Calculate the remainder when 17 is divided by (-2)/(-7) + 99/j.
2
Let t = -290 + 390. What is the remainder when t is divided by 36?
28
Suppose 54 = 12*v - 246. Calculate the remainder when 73 is divided by v.
23
Suppose 0 = -2*m + p - 4*p + 266, 524 = 4*m + 2*p. What is the remainder when m is divided by 19?
16
Let u = 165 + -113. Let r(z) = -2*z + 33. What is the remainder when u is divided by r(11)?
8
Suppose 5*v + 0*n - 3*n + 203 = 0, -5*v - 196 = 4*n. Let u = v - -48. Calculate the remainder when 18 is divided by u.
2
Let w be 249/21 - 2/(-14). Suppose y - w = -0. Let m = -60 + 105. What is the remainder when m is divided by y?
9
Let r = -12 + 15. Suppose 47 = r*w - x + 2, w - 3*x - 23 = 0. Let q(c) = 10*c + 4. What is the remainder when q(5) is divided by w?
12
Let s be 17*2*(-6)/(-12). Suppose -2*l = 10, 5*t - t = -3*l + s. Suppose -t = -i - 3*i. Calculate the remainder when 2 is divided by i.
0
Suppose 4*y - 3*s - 61 = 0, -4*y - 21*s + 37 = -16*s. What is the remainder when 142 is divided by y?
12
Let k(r) = 3*r + 35. Let y be k(-15). Calculate the remainder when 23 is divided by (-4)/(-5)*(-100)/y.
7
Let p = -4 - 2. Suppose 23*z - 567 = -4*z. What is the remainder when z is divided by p/(-9)*-3 - -15?
8
Let n(w) = -145*w - 559. What is the remainder when 154 is divided by n(-4)?
7
Suppose 13*t - 11*t = 68. What is the remainder when -8*((-27)/2 - -1) is divided by t?
32
Calculate the remainder when 29 is divided by ((-8)/(-5))/((-36)/(-90)).
1
Suppose -17 = -5*p - t, 5*p + 5*t - 37 = -12. Suppose p*x - 126 = -24. Suppose -3*o + x = -o. Calculate the remainder when 66 is divided by o.
15
Suppose -8*m + 7500 = -2*m. Suppose 6*b = -4*b + m. What is the remainder when b is divided by 8?
5
Let w(g) be the third derivative of g**4/24 + 13*g**3/6 + 25*g**2. What is the remainder when 92 is divided by w(6)?
16
Suppose -2*j = -136 + 114. Calculate the remainder when 19 is divided by j.
8
Let y be 18/(-9) - -43*1*-1. What is the remainder when 213 is divided by 36/30*y/(-2)?
24
Let o(z) = -z + 13. Calculate the remainder when 30 is divided by o(-8).
9
Let i = -49 - -55. Let c(a) = -2*a**3 - 2*a**2. What is the remainder when c(-2) is divided by i?
2
Suppose -16*x - 845 = -4*r - 15*x, 5*r = -3*x + 1052. Let w = r - 164. Calculate the remainder when w is divided by 25.
22
Suppose -7*n = -4*n + 156. Let g be (n/8)/((-4)/8). Let a = 10 + g. Calculate the remainder when a is divided by 13.
10
Let l be 472/(-10)*50/(-20). Suppose -5*i = -87 - l. Calculate the remainder when i is divided by 22.
19
Let u(o) = -o**3 - 10*o**2 - 13*o - 15. Let m be u(-11). Suppose -3*k + 4*v = -m, -2*k - 3*k + 429 = -2*v. What is the remainder when k is divided by 18?
15
Let f(y) = -y**3 + 10*y**2 - 8*y + 3. Suppose -100 = -3*t + 113. Suppose 0 = -w + t - 26. What is the remainder when w is divided by f(9)?
9
Let j(s) = 2*s**3 - 35*s**2 + 19*s + 7. Calculate the remainder when 94 is divided by j(17).
12
Let a = 318 - 60. Let k = 10 - 6. Suppose a = k*l + 70. Calculate the remainder when l is divided by 24.
23
What is the remainder when 165 is divided by 342/12*(-10)/(-15)?
13
Suppose -4*g + 3*g = 4*a + 29, 0 = -4*a + 2*g - 26. Calculate the remainder when 50 is divided by (a/(42/(-26)))/((-2)/(-6)).
11
Suppose -3*z = -2*z - 164. What is the remainder when z is divided by (4 - -30) + 1 + (-5 - -3)?
32
Let l be 2 + (-12)/(9 - 3). Calculate the remainder when 158 is di